{"id":5901,"date":"2025-10-16T11:44:15","date_gmt":"2025-10-16T08:44:15","guid":{"rendered":"http:\/\/www.tukenmezkitap.com\/kitap\/turkmencenin-sesleri-ve-yazimi-uzerine-yusuf-azmun"},"modified":"2025-10-16T11:44:15","modified_gmt":"2025-10-16T08:44:15","slug":"turkmencenin-sesleri-ve-yazimi-uzerine-yusuf-azmun","status":"publish","type":"product","link":"https:\/\/www.tukenmezkitap.com\/en\/kitap\/turkmencenin-sesleri-ve-yazimi-uzerine-yusuf-azmun","title":{"rendered":"T\u00fcrkmencenin Sesleri ve Yaz\u0131m\u0131 \u00dczerine &#8211; Yusuf Azmun"},"content":{"rendered":"","protected":false},"excerpt":{"rendered":"<p>T\u00fcrkmencenin gramerini yerli ve yabanc\u0131 bir\u00e7ok ara\u015ft\u0131rmadan okudum. Bu ilgi \u00e7ekici T\u00fcrk leh\u00e7esinin \u00f6zellikle ses bilgisiyle ilgili baz\u0131 \u00f6zellikleri hep dikkatimi \u00e7ekmi\u015ftir. Uzun \u00fcnl\u00fcler, peltekle\u015fen s ve z sesleri\u2026 Ba\u015fkurt\u00e7adaki s-&gt; h, Yakut\u00e7adaki s-&gt; h-&gt; \u00d8 de\u011fi\u015fmesinin ilk a\u015famas\u0131n\u0131n T\u00fcrkmencedeki di\u015f aras\u0131 s oldu\u011funu anlad\u0131\u011f\u0131mda yeni bir ke\u015fifte bulundu\u011fumu sanm\u0131\u015ft\u0131m. Me\u011fer T\u00fcrkmencenin s\u0131rlar\u0131 bunlardan ibaret de\u011filmi\u015f. T\u00fcrkmence sanki bir benze\u015fmeler dili. Ve daha bir\u00e7ok seslik \u00f6zellikler&#8230; Azmun\u2019un kitab\u0131n\u0131 okudu\u011fum zaman o g\u00fcne kadar bilmedi\u011fim bir\u00e7ok s\u0131rr\u0131 \u00f6\u011frendim.<\/p>\n<p>Bir T\u00fcrkmensahra T\u00fcrkmen\u2019i olan s\u0131n\u0131f arkada\u015f\u0131m Yusuf Azmun bence ilm\u00ee hayat\u0131n\u0131n en \u00f6nemli eserini ortaya koymu\u015ftur. T\u00fcrkmencenin ses bilgisinin ayr\u0131nt\u0131lar\u0131n\u0131 \u00f6\u011frenmek isteyenler mutlaka bu esere ba\u015fvurmal\u0131d\u0131rlar.<\/p>\n<p>Ahmet Bican Ercilasun<\/p>","protected":false},"featured_media":4228,"comment_status":"closed","ping_status":"open","template":"","meta":{"inline_featured_image":false},"product_cat":[327],"product_tag":[],"class_list":{"0":"post-5901","1":"product","2":"type-product","3":"status-publish","4":"has-post-thumbnail","6":"product_cat-dilbilim-kitaplari","7":"pa_boyut-135-x-195-cm","8":"pa_dil-turkce","9":"pa_sayfa-sayisi-471","10":"pa_yayin-tarihi-7-2-2021","11":"pa_yazar-yusuf-azmun","13":"first","14":"instock","15":"sale","16":"purchasable","17":"product-type-simple"},"_links":{"self":[{"href":"https:\/\/www.tukenmezkitap.com\/en\/wp-json\/wp\/v2\/product\/5901","targetHints":{"allow":["GET"]}}],"collection":[{"href":"https:\/\/www.tukenmezkitap.com\/en\/wp-json\/wp\/v2\/product"}],"about":[{"href":"https:\/\/www.tukenmezkitap.com\/en\/wp-json\/wp\/v2\/types\/product"}],"replies":[{"embeddable":true,"href":"https:\/\/www.tukenmezkitap.com\/en\/wp-json\/wp\/v2\/comments?post=5901"}],"wp:featuredmedia":[{"embeddable":true,"href":"https:\/\/www.tukenmezkitap.com\/en\/wp-json\/wp\/v2\/media\/4228"}],"wp:attachment":[{"href":"https:\/\/www.tukenmezkitap.com\/en\/wp-json\/wp\/v2\/media?parent=5901"}],"wp:term":[{"taxonomy":"product_cat","embeddable":true,"href":"https:\/\/www.tukenmezkitap.com\/en\/wp-json\/wp\/v2\/product_cat?post=5901"},{"taxonomy":"product_tag","embeddable":true,"href":"https:\/\/www.tukenmezkitap.com\/en\/wp-json\/wp\/v2\/product_tag?post=5901"}],"curies":[{"name":"wp","href":"https:\/\/api.w.org\/{rel}","templated":true}]}}

Türkmencenin Sesleri ve Yazımı Üzerine &#8211; Yusuf Azmun

<p>Türkmencenin gramerini yerli ve yabancı birçok araştırmadan okudum. Bu ilgi çekici Türk lehçesinin özellikle ses bilgisiyle ilgili bazı özellikleri hep dikkatimi çekmiştir. Uzun ünlüler, peltekleşen s ve z sesleri… Başkurtçadaki s-&gt; h, Yakutçadaki s-&gt; h-&gt; Ø değişmesinin ilk aşamasının Türkmencedeki diş arası s olduğunu anladığımda yeni bir keşifte bulunduğumu sanmıştım. Meğer Türkmencenin sırları bunlardan ibaret değilmiş. Türkmence sanki bir benzeşmeler dili. Ve daha birçok seslik özellikler&#8230; Azmun’un kitabını okuduğum zaman o güne kadar bilmediğim birçok sırrı öğrendim.</p>
<p>Bir Türkmensahra Türkmen’i olan sınıf arkadaşım Yusuf Azmun bence ilmî hayatının en önemli eserini ortaya koymuştur. Türkmencenin ses bilgisinin ayrıntılarını öğrenmek isteyenler mutlaka bu esere başvurmalıdırlar.</p>
<p>Ahmet Bican Ercilasun</p>
