{"id":6856,"date":"2025-10-16T12:06:55","date_gmt":"2025-10-16T09:06:55","guid":{"rendered":"http:\/\/www.tukenmezkitap.com\/kitap\/bulbulden-sukru-bulbul"},"modified":"2025-10-16T12:07:40","modified_gmt":"2025-10-16T09:07:40","slug":"bulbulden-sukru-bulbul","status":"publish","type":"product","link":"https:\/\/www.tukenmezkitap.com\/en\/kitap\/bulbulden-sukru-bulbul","title":{"rendered":"B\u00fclb\u00fcl&#8217;den &#8211; \u015e\u00fckr\u00fc B\u00fclb\u00fcl"},"content":{"rendered":"<p>\u015e\u00dcKR\u00dc B\u00dcLB\u00dcL<\/p>\n<p>1948 y\u0131l\u0131nda Bolu ilinin Gerede il\u00e7esine ba\u011fl\u0131<br \/>\nYaz\u0131kara k\u00f6y\u00fcnde do\u011fdu. \u0130lkokulu k\u00f6y\u00fcnde,<br \/>\nortaokulu il\u00e7esinde, Erkek \u0130lk\u00f6\u011fretmen Okulu\u2019nu ilinde okudu. 1968-69 \u00f6\u011frenim d\u00f6neminde mezun oldu. 3 y\u0131l<br \/>\nAnkara, 9 y\u0131l Gerede&#8217;nin k\u00f6yleri ve merkezinde \u00e7al\u0131\u015ft\u0131. 1982 y\u0131l\u0131nda<br \/>\n\u0130stanbul&#8217;a atand\u0131. 15 y\u0131l \u00e7al\u0131\u015ft\u0131ktan sonra 1995 y\u0131l\u0131nda emekli oldu.<br \/>\nHalen Erenk\u00f6y semtinde ya\u015famaktad\u0131r. Evli ve 4 \u00e7ocuk, 7 torun sahibidir.<\/p>\n<p>\u015eiir, an\u0131, hikaye, hasret, seven, sevilen, do\u011fal g\u00fczelliklere \u00f6vg\u00fc, hem\u015fehri, dost ve yak\u0131nl\u0131klar \u00f6nceliklerim olmu\u015ftur.<br \/>\nHer sayfan\u0131n arkas\u0131ndan gelen ba\u015fl\u0131klar birbirinden farkl\u0131 i\u00e7eriklerle bezenmi\u015ftir.<br \/>\n\u201cHer telden\u201d en do\u011fru tan\u0131m olur zannederim. Onlarca \u015fiirim s\u00eezlere s\u00fcrprizler sunacakt\u0131r. Keyifli zaman dilimleri ya\u015fatmak ve heyecan katmak en b\u00fcy\u00fck arzumdur.<\/p>\n<p>Mantar m\u0131 istersin ka\u00e7 \u00e7e\u015fidini?<br \/>\nKanl\u0131ca, tellice, akkay\u0131\u015fkan\u2026<br \/>\nSayamad\u0131m her birini,<br \/>\nYak kuzineyi haz\u0131rla tepsiyi.<\/p>\n<p>Mantarl\u0131 b\u00f6rekle doyur mideni.<\/p>","protected":false},"excerpt":{"rendered":"<p>\u015e\u00dcKR\u00dc B\u00dcLB\u00dcL 1948 y\u0131l\u0131nda Bolu ilinin Gerede il\u00e7esine ba\u011fl\u0131 Yaz\u0131kara k\u00f6y\u00fcnde do\u011fdu. \u0130lkokulu k\u00f6y\u00fcnde, ortaokulu il\u00e7esinde, Erkek \u0130lk\u00f6\u011fretmen Okulu\u2019nu ilinde okudu. 1968-69 \u00f6\u011frenim d\u00f6neminde mezun oldu. 3 y\u0131l Ankara, 9 y\u0131l Gerede&#8217;nin k\u00f6yleri ve merkezinde \u00e7al\u0131\u015ft\u0131. 1982 y\u0131l\u0131nda \u0130stanbul&#8217;a atand\u0131. 15 y\u0131l \u00e7al\u0131\u015ft\u0131ktan sonra 1995 y\u0131l\u0131nda emekli oldu. Halen Erenk\u00f6y semtinde ya\u015famaktad\u0131r. Evli ve 4 [&hellip;]<\/p>\n","protected":false},"featured_media":6857,"comment_status":"closed","ping_status":"open","template":"","meta":{"inline_featured_image":false},"product_cat":[1020,1019],"product_tag":[],"class_list":{"0":"post-6856","1":"product","2":"type-product","3":"status-publish","4":"has-post-thumbnail","6":"product_cat-siir","7":"product_cat-edebiyat","8":"pa_boyut-135-x-195-cm","9":"pa_dil-turkce","10":"pa_sayfa-sayisi-370","11":"pa_yayin-tarihi-1-22-2024","12":"pa_yazar-sukru-bulbul","14":"first","15":"instock","16":"sale","17":"purchasable","18":"product-type-simple"},"_links":{"self":[{"href":"https:\/\/www.tukenmezkitap.com\/en\/wp-json\/wp\/v2\/product\/6856","targetHints":{"allow":["GET"]}}],"collection":[{"href":"https:\/\/www.tukenmezkitap.com\/en\/wp-json\/wp\/v2\/product"}],"about":[{"href":"https:\/\/www.tukenmezkitap.com\/en\/wp-json\/wp\/v2\/types\/product"}],"replies":[{"embeddable":true,"href":"https:\/\/www.tukenmezkitap.com\/en\/wp-json\/wp\/v2\/comments?post=6856"}],"wp:featuredmedia":[{"embeddable":true,"href":"https:\/\/www.tukenmezkitap.com\/en\/wp-json\/wp\/v2\/media\/6857"}],"wp:attachment":[{"href":"https:\/\/www.tukenmezkitap.com\/en\/wp-json\/wp\/v2\/media?parent=6856"}],"wp:term":[{"taxonomy":"product_cat","embeddable":true,"href":"https:\/\/www.tukenmezkitap.com\/en\/wp-json\/wp\/v2\/product_cat?post=6856"},{"taxonomy":"product_tag","embeddable":true,"href":"https:\/\/www.tukenmezkitap.com\/en\/wp-json\/wp\/v2\/product_tag?post=6856"}],"curies":[{"name":"wp","href":"https:\/\/api.w.org\/{rel}","templated":true}]}}

Bülbül&#8217;den &#8211; Şükrü Bülbül

<p>ŞÜKRÜ BÜLBÜL</p>
<p>1948 yılında Bolu ilinin Gerede ilçesine bağlı<br />
Yazıkara köyünde doğdu. İlkokulu köyünde,<br />
ortaokulu ilçesinde, Erkek İlköğretmen Okulu’nu ilinde okudu. 1968-69 öğrenim döneminde mezun oldu. 3 yıl<br />
Ankara, 9 yıl Gerede&#8217;nin köyleri ve merkezinde çalıştı. 1982 yılında<br />
İstanbul&#8217;a atandı. 15 yıl çalıştıktan sonra 1995 yılında emekli oldu.<br />
Halen Erenköy semtinde yaşamaktadır. Evli ve 4 çocuk, 7 torun sahibidir.</p>
<p>Şiir, anı, hikaye, hasret, seven, sevilen, doğal güzelliklere övgü, hemşehri, dost ve yakınlıklar önceliklerim olmuştur.<br />
Her sayfanın arkasından gelen başlıklar birbirinden farklı içeriklerle bezenmiştir.<br />
“Her telden” en doğru tanım olur zannederim. Onlarca şiirim sîzlere sürprizler sunacaktır. Keyifli zaman dilimleri yaşatmak ve heyecan katmak en büyük arzumdur.</p>
<p>Mantar mı istersin kaç çeşidini?<br />
Kanlıca, tellice, akkayışkan…<br />
Sayamadım her birini,<br />
Yak kuzineyi hazırla tepsiyi.</p>
<p>Mantarlı börekle doyur mideni.</p>

<p>ŞÜKRÜ BÜLBÜL 1948 yılında Bolu ilinin Gerede ilçesine bağlı Yazıkara köyünde doğdu. İlkokulu köyünde, ortaokulu ilçesinde, Erkek İlköğretmen Okulu’nu ilinde okudu. 1968-69 öğrenim döneminde mezun oldu. 3 yıl Ankara, 9 yıl Gerede&#8217;nin köyleri ve merkezinde çalıştı. 1982 yılında İstanbul&#8217;a atandı. 15 yıl çalıştıktan sonra 1995 yılında emekli oldu. Halen Erenköy semtinde yaşamaktadır. Evli ve 4 [&hellip;]</p>
