{"id":6944,"date":"2025-10-16T12:09:24","date_gmt":"2025-10-16T09:09:24","guid":{"rendered":"http:\/\/www.tukenmezkitap.com\/kitap\/turk-cocuguna-oyku-ve-siirler-ili-tasdogen"},"modified":"2025-10-16T12:10:31","modified_gmt":"2025-10-16T09:10:31","slug":"turk-cocuguna-oyku-ve-siirler-ili-tasdogen","status":"publish","type":"product","link":"https:\/\/www.tukenmezkitap.com\/en\/kitap\/turk-cocuguna-oyku-ve-siirler-ili-tasdogen","title":{"rendered":"T\u00fcrk \u00c7ocu\u011funa \u00d6yk\u00fc ve \u015eiirler &#8211; \u0130li Ta\u015fd\u00f6\u011fen"},"content":{"rendered":"<p>K\u00fcheylan ve sahibi, hep o mavi ye\u015fil yolu izleyerek, bir tepenin \u00fczerinde y\u00fckselen kaleye vard\u0131lar. Kalenin bur\u00e7lar\u0131nda al bir bayrak dalgalanmaktayd\u0131. Hasan, al bayra\u011f\u0131n \u00fczerinde parlak bir y\u0131ld\u0131zla, o y\u0131ld\u0131za kavu\u015fmak istercesine kollar\u0131n\u0131 uzatm\u0131\u015f hil\u00e2li g\u00f6rd\u00fc. Dudaklar\u0131nda belli belirsiz bir tebess\u00fcmle r\u00fcyadan uyand\u0131.<br \/>\nYepyeni bir g\u00fcn do\u011fuyordu.<\/p>","protected":false},"excerpt":{"rendered":"<p>K\u00fcheylan ve sahibi, hep o mavi ye\u015fil yolu izleyerek, bir tepenin \u00fczerinde y\u00fckselen kaleye vard\u0131lar. Kalenin bur\u00e7lar\u0131nda al bir bayrak dalgalanmaktayd\u0131. Hasan, al bayra\u011f\u0131n \u00fczerinde parlak bir y\u0131ld\u0131zla, o y\u0131ld\u0131za kavu\u015fmak istercesine kollar\u0131n\u0131 uzatm\u0131\u015f hil\u00e2li g\u00f6rd\u00fc. Dudaklar\u0131nda belli belirsiz bir tebess\u00fcmle r\u00fcyadan uyand\u0131. Yepyeni bir g\u00fcn do\u011fuyordu.<\/p>","protected":false},"featured_media":6945,"comment_status":"closed","ping_status":"open","template":"","meta":{"inline_featured_image":false},"product_cat":[1020,1019,1508],"product_tag":[],"class_list":{"0":"post-6944","1":"product","2":"type-product","3":"status-publish","4":"has-post-thumbnail","6":"product_cat-siir","7":"product_cat-edebiyat","8":"product_cat-hikayeedebiyat","9":"pa_boyut-135-x-195-cm","10":"pa_dil-turkce","11":"pa_sayfa-sayisi-380","12":"pa_yayin-tarihi-30-04-2024","13":"pa_yazar-ili-tasdogen","15":"first","16":"instock","17":"sale","18":"purchasable","19":"product-type-simple"},"_links":{"self":[{"href":"https:\/\/www.tukenmezkitap.com\/en\/wp-json\/wp\/v2\/product\/6944","targetHints":{"allow":["GET"]}}],"collection":[{"href":"https:\/\/www.tukenmezkitap.com\/en\/wp-json\/wp\/v2\/product"}],"about":[{"href":"https:\/\/www.tukenmezkitap.com\/en\/wp-json\/wp\/v2\/types\/product"}],"replies":[{"embeddable":true,"href":"https:\/\/www.tukenmezkitap.com\/en\/wp-json\/wp\/v2\/comments?post=6944"}],"wp:featuredmedia":[{"embeddable":true,"href":"https:\/\/www.tukenmezkitap.com\/en\/wp-json\/wp\/v2\/media\/6945"}],"wp:attachment":[{"href":"https:\/\/www.tukenmezkitap.com\/en\/wp-json\/wp\/v2\/media?parent=6944"}],"wp:term":[{"taxonomy":"product_cat","embeddable":true,"href":"https:\/\/www.tukenmezkitap.com\/en\/wp-json\/wp\/v2\/product_cat?post=6944"},{"taxonomy":"product_tag","embeddable":true,"href":"https:\/\/www.tukenmezkitap.com\/en\/wp-json\/wp\/v2\/product_tag?post=6944"}],"curies":[{"name":"wp","href":"https:\/\/api.w.org\/{rel}","templated":true}]}}

Türk Çocuğuna Öykü ve Şiirler &#8211; İli Taşdöğen

<p>Küheylan ve sahibi, hep o mavi yeşil yolu izleyerek, bir tepenin üzerinde yükselen kaleye vardılar. Kalenin burçlarında al bir bayrak dalgalanmaktaydı. Hasan, al bayrağın üzerinde parlak bir yıldızla, o yıldıza kavuşmak istercesine kollarını uzatmış hilâli gördü. Dudaklarında belli belirsiz bir tebessümle rüyadan uyandı.<br />
Yepyeni bir gün doğuyordu.</p>

<p>Küheylan ve sahibi, hep o mavi yeşil yolu izleyerek, bir tepenin üzerinde yükselen kaleye vardılar. Kalenin burçlarında al bir bayrak dalgalanmaktaydı. Hasan, al bayrağın üzerinde parlak bir yıldızla, o yıldıza kavuşmak istercesine kollarını uzatmış hilâli gördü. Dudaklarında belli belirsiz bir tebessümle rüyadan uyandı. Yepyeni bir gün doğuyordu.</p>
