{"id":6988,"date":"2025-10-16T12:11:51","date_gmt":"2025-10-16T09:11:51","guid":{"rendered":"http:\/\/www.tukenmezkitap.com\/kitap\/askin-karanlik-yuzu-soner-tuna"},"modified":"2025-10-16T12:11:51","modified_gmt":"2025-10-16T09:11:51","slug":"askin-karanlik-yuzu-soner-tuna","status":"publish","type":"product","link":"https:\/\/www.tukenmezkitap.com\/en\/kitap\/askin-karanlik-yuzu-soner-tuna","title":{"rendered":"A\u015fk\u0131n Karanl\u0131k Y\u00fcz\u00fc &#8211; Soner Tuna"},"content":{"rendered":"<p>&#8220;\u0130nsan neye A\u015f\u0131k olur, onun \u00f6z\/\u00fcne.<br \/>\nPeki neyine A\u015f\u0131k olur, \u00f6z\/\u00fcnden yans\u0131yana.<br \/>\nPeki neden A\u015f\u0131k olur, \u00f6z\/ledi\u011fi i\u00e7in.<br \/>\n\u00d6z\/lemek ne demek, \u00f6z\/\u00fcndekini istemek.<br \/>\n\u00d6z\/\u00fcndekini isteyen kim, bir \u00f6z\/\u00fcn\u00fc arayan.<br \/>\nPeki \u00f6z\/\u00fcn\u00fc neden arar insan, \u00f6z\/e kavu\u015fmak i\u00e7in.<br \/>\n\u00d6ze kavu\u015funca ne olur, A\u015fk olur.<br \/>\n\u00d6z\u00fcn\u00fc bulamay\u0131nca ne olur, cennet bile dar olur&#8230;&#8221;<\/p>","protected":false},"excerpt":{"rendered":"<p>&#8220;\u0130nsan neye A\u015f\u0131k olur, onun \u00f6z\/\u00fcne. Peki neyine A\u015f\u0131k olur, \u00f6z\/\u00fcnden yans\u0131yana. Peki neden A\u015f\u0131k olur, \u00f6z\/ledi\u011fi i\u00e7in. \u00d6z\/lemek ne demek, \u00f6z\/\u00fcndekini istemek. \u00d6z\/\u00fcndekini isteyen kim, bir \u00f6z\/\u00fcn\u00fc arayan. Peki \u00f6z\/\u00fcn\u00fc neden arar insan, \u00f6z\/e kavu\u015fmak i\u00e7in. \u00d6ze kavu\u015funca ne olur, A\u015fk olur. \u00d6z\u00fcn\u00fc bulamay\u0131nca ne olur, cennet bile dar olur&#8230;&#8221;<\/p>","protected":false},"featured_media":6989,"comment_status":"closed","ping_status":"open","template":"","meta":{"inline_featured_image":false},"product_cat":[1020,1019],"product_tag":[],"class_list":{"0":"post-6988","1":"product","2":"type-product","3":"status-publish","4":"has-post-thumbnail","6":"product_cat-siir","7":"product_cat-edebiyat","8":"pa_boyut-135-x-195-cm","9":"pa_dil-turkce","10":"pa_sayfa-sayisi-1086","11":"pa_yayin-tarihi-8-15-2024","12":"pa_yazar-soner-tuna","14":"first","15":"instock","16":"sale","17":"purchasable","18":"product-type-simple"},"_links":{"self":[{"href":"https:\/\/www.tukenmezkitap.com\/en\/wp-json\/wp\/v2\/product\/6988","targetHints":{"allow":["GET"]}}],"collection":[{"href":"https:\/\/www.tukenmezkitap.com\/en\/wp-json\/wp\/v2\/product"}],"about":[{"href":"https:\/\/www.tukenmezkitap.com\/en\/wp-json\/wp\/v2\/types\/product"}],"replies":[{"embeddable":true,"href":"https:\/\/www.tukenmezkitap.com\/en\/wp-json\/wp\/v2\/comments?post=6988"}],"wp:featuredmedia":[{"embeddable":true,"href":"https:\/\/www.tukenmezkitap.com\/en\/wp-json\/wp\/v2\/media\/6989"}],"wp:attachment":[{"href":"https:\/\/www.tukenmezkitap.com\/en\/wp-json\/wp\/v2\/media?parent=6988"}],"wp:term":[{"taxonomy":"product_cat","embeddable":true,"href":"https:\/\/www.tukenmezkitap.com\/en\/wp-json\/wp\/v2\/product_cat?post=6988"},{"taxonomy":"product_tag","embeddable":true,"href":"https:\/\/www.tukenmezkitap.com\/en\/wp-json\/wp\/v2\/product_tag?post=6988"}],"curies":[{"name":"wp","href":"https:\/\/api.w.org\/{rel}","templated":true}]}}

Aşkın Karanlık Yüzü &#8211; Soner Tuna

<p>&#8220;İnsan neye Aşık olur, onun öz/üne.<br />
Peki neyine Aşık olur, öz/ünden yansıyana.<br />
Peki neden Aşık olur, öz/lediği için.<br />
Öz/lemek ne demek, öz/ündekini istemek.<br />
Öz/ündekini isteyen kim, bir öz/ünü arayan.<br />
Peki öz/ünü neden arar insan, öz/e kavuşmak için.<br />
Öze kavuşunca ne olur, Aşk olur.<br />
Özünü bulamayınca ne olur, cennet bile dar olur&#8230;&#8221;</p>

<p>&#8220;İnsan neye Aşık olur, onun öz/üne. Peki neyine Aşık olur, öz/ünden yansıyana. Peki neden Aşık olur, öz/lediği için. Öz/lemek ne demek, öz/ündekini istemek. Öz/ündekini isteyen kim, bir öz/ünü arayan. Peki öz/ünü neden arar insan, öz/e kavuşmak için. Öze kavuşunca ne olur, Aşk olur. Özünü bulamayınca ne olur, cennet bile dar olur&#8230;&#8221;</p>
