{"id":7074,"date":"2025-10-16T12:14:10","date_gmt":"2025-10-16T09:14:10","guid":{"rendered":"http:\/\/www.tukenmezkitap.com\/kitap\/lycaon-fazil-sahin"},"modified":"2025-10-16T12:14:20","modified_gmt":"2025-10-16T09:14:20","slug":"lycaon-fazil-sahin","status":"publish","type":"product","link":"https:\/\/www.tukenmezkitap.com\/en\/kitap\/lycaon-fazil-sahin","title":{"rendered":"Lycaon &#8211; Faz\u0131l \u015eahin"},"content":{"rendered":"<p>Osmanl\u0131 \u0130mparatorlu\u011fu&#8217;nun en karanl\u0131k zamanlar\u0131yd\u0131. Bu zorlu zamanlarda gen\u00e7 bir kurt adam\u0131n Lycaon&#8217;a y\u00fckseli\u015fi ile Padi\u015fah Gen\u00e7 Osman&#8217;\u0131n imparatorlu\u011funu kurtarmak i\u00e7in yapt\u0131\u011f\u0131 destans\u0131 m\u00fccadelesini kim kazanacakt\u0131? Biri g\u00fc\u00e7 pe\u015finde, di\u011feri vatan sevdas\u0131nda olan bu ikilinin m\u00fccadele ederken yollar\u0131n\u0131n kesi\u015fmesi kader mi, yoksa sadece bir tesad\u00fcf m\u00fcyd\u00fc?<\/p>","protected":false},"excerpt":{"rendered":"<p>Osmanl\u0131 \u0130mparatorlu\u011fu&#8217;nun en karanl\u0131k zamanlar\u0131yd\u0131. Bu zorlu zamanlarda gen\u00e7 bir kurt adam\u0131n Lycaon&#8217;a y\u00fckseli\u015fi ile Padi\u015fah Gen\u00e7 Osman&#8217;\u0131n imparatorlu\u011funu kurtarmak i\u00e7in yapt\u0131\u011f\u0131 destans\u0131 m\u00fccadelesini kim kazanacakt\u0131? Biri g\u00fc\u00e7 pe\u015finde, di\u011feri vatan sevdas\u0131nda olan bu ikilinin m\u00fccadele ederken yollar\u0131n\u0131n kesi\u015fmesi kader mi, yoksa sadece bir tesad\u00fcf m\u00fcyd\u00fc?<\/p>","protected":false},"featured_media":7075,"comment_status":"closed","ping_status":"open","template":"","meta":{"inline_featured_image":false},"product_cat":[1019,1033],"product_tag":[],"class_list":{"0":"post-7074","1":"product","2":"type-product","3":"status-publish","4":"has-post-thumbnail","6":"product_cat-edebiyat","7":"product_cat-roman","8":"pa_boyut-135-x-195-cm","9":"pa_dil-turkce","10":"pa_sayfa-sayisi-1561","11":"pa_yayin-tarihi-12-30-2024","12":"pa_yazar-fazil-sahin","14":"first","15":"instock","16":"sale","17":"purchasable","18":"product-type-simple"},"_links":{"self":[{"href":"https:\/\/www.tukenmezkitap.com\/en\/wp-json\/wp\/v2\/product\/7074","targetHints":{"allow":["GET"]}}],"collection":[{"href":"https:\/\/www.tukenmezkitap.com\/en\/wp-json\/wp\/v2\/product"}],"about":[{"href":"https:\/\/www.tukenmezkitap.com\/en\/wp-json\/wp\/v2\/types\/product"}],"replies":[{"embeddable":true,"href":"https:\/\/www.tukenmezkitap.com\/en\/wp-json\/wp\/v2\/comments?post=7074"}],"wp:featuredmedia":[{"embeddable":true,"href":"https:\/\/www.tukenmezkitap.com\/en\/wp-json\/wp\/v2\/media\/7075"}],"wp:attachment":[{"href":"https:\/\/www.tukenmezkitap.com\/en\/wp-json\/wp\/v2\/media?parent=7074"}],"wp:term":[{"taxonomy":"product_cat","embeddable":true,"href":"https:\/\/www.tukenmezkitap.com\/en\/wp-json\/wp\/v2\/product_cat?post=7074"},{"taxonomy":"product_tag","embeddable":true,"href":"https:\/\/www.tukenmezkitap.com\/en\/wp-json\/wp\/v2\/product_tag?post=7074"}],"curies":[{"name":"wp","href":"https:\/\/api.w.org\/{rel}","templated":true}]}}

Lycaon &#8211; Fazıl Şahin

<p>Osmanlı İmparatorluğu&#8217;nun en karanlık zamanlarıydı. Bu zorlu zamanlarda genç bir kurt adamın Lycaon&#8217;a yükselişi ile Padişah Genç Osman&#8217;ın imparatorluğunu kurtarmak için yaptığı destansı mücadelesini kim kazanacaktı? Biri güç peşinde, diğeri vatan sevdasında olan bu ikilinin mücadele ederken yollarının kesişmesi kader mi, yoksa sadece bir tesadüf müydü?</p>
